4 = 4*n - 20. Let v be 23/n - 1/2. Let r be 26 + (-1 - 2)/(1 - v). Calculate the greatest common factor of 92 and r.
23
Let s(d) = 144 - 55 + 9*d + 49. Let a be s(-14). Suppose 5*k = -0*k - 5*v + 135, 0 = 2*k + 3*v - 57. What is the greatest common factor of a and k?
12
Let k = 37 + -9. Let l = -114591 - -114745. Calculate the highest common divisor of k and l.
14
Let h(c) = -c - 6. Let i(g) = 2*g + 19. Let l be i(-21). Let f be h(l). Suppose -m + 227 - 74 = 0. What is the greatest common factor of f and m?
17
Suppose 1301213 = 208*w - 4697507. What is the highest common divisor of 28 and w?
28
Let n(o) = o**3 + 3*o**2 + 2*o. Let d be n(-2). Suppose m - 288 + 72 = d. Suppose -t - 2*t + m = 0. Calculate the highest common factor of 9 and t.
9
Let w(n) = -n**2 - 20*n - 27*n - 58 + 19*n. Let l be w(-4). Let y(i) = 57*i**3 + i**2 - i. Let v be y(1). Calculate the greatest common factor of l and v.
19
Let z(o) = o + 31. Let h be z(-17). Let j be (h/3 - 5)*(-24 - 0). Suppose 3*t - j*t + 900 = 0. Calculate the greatest common divisor of 20 and t.
20
Let a be 3/(-9) + 4/(-6). Let f be 13 + a + 1/(-1). Let h = 19574 - 19519. What is the greatest common factor of f and h?
11
Let u be ((-836)/132)/(1*1/(-12)). Let m(w) = 2*w - 4. Let p be m(3). Suppose -n + y + u = -91, 4*y + 332 = p*n. What is the greatest common factor of n and 24?
24
Let g(d) = -770*d + 4050. Let f(l) = -35*l + 184. Let b(m) = -90*f(m) + 4*g(m). Let q be b(6). Calculate the highest common factor of 300 and q.
60
Suppose 3*m - 1257 = -j, 0 = -3*j - 4*m + 2638 + 1128. What is the highest common factor of j and 342?
114
Let g(v) = -v**2 - 2*v - 3. Let d be g(0). Let c be (-225)/(-6)*(-2)/d. Let x = c - 7. What is the highest common factor of x and 3?
3
Suppose 19*s + 10 = 24*s. Let u(f) = 24*f - 214. Let m be u(11). What is the highest common divisor of m and s?
2
Suppose 63336 = 132*f - 45*f. What is the highest common divisor of 936 and f?
104
Let w(h) = 178*h**2 + 57*h + 110. Let i be w(-2). What is the highest common divisor of 24 and i?
12
Let h(z) = 1171*z**3 + 20*z**2 - 50*z - 6. Let f be h(2). Calculate the highest common factor of f and 346.
346
Let n be 1/(-22) + (-663)/(-66). What is the highest common divisor of 3330 and n?
10
Let h = 2 - 0. Suppose 47*c = -24*c + 1704. Suppose c = 2*y - h. What is the highest common factor of 13 and y?
13
Let l(d) = d**2 - 88*d + 33. Let g be l(90). Calculate the highest common factor of g and 147.
3
Suppose 2*o - 519 = 25. Suppose -2*d - 4*g = 32, -3*g - 1 = 2. Let i be d*(174/(-42) + 3). Calculate the highest common divisor of i and o.
16
Suppose 0 = -b - 4*z + 151, -139*z + 135 = b - 143*z. Calculate the greatest common divisor of b and 55.
11
Let n = 13 + -4. Suppose -64*q - 62260 = -9*q. Let b = -1105 - q. Calculate the greatest common divisor of n and b.
9
Let y be ((-252)/756)/((-2)/5550). What is the greatest common factor of y and 75?
25
Suppose 3*x - 3246 = 5*j, -9*x + 7*x = 5*j + 3236. Let w be j/(-14)*(-84)/(-24). Suppose -4*h + 23 = -49. Calculate the greatest common divisor of h and w.
18
Let c(g) = 2*g**3 - 2*g**2 + 4. Let v be c(3). Suppose -z + 43 = v. Calculate the greatest common factor of z and 63.
3
Let l = 74 + -51. Let d(s) = -518*s**3 + 10*s**2 + 79*s + 80. Let q be d(-1). Calculate the highest common factor of l and q.
23
Let o(n) = -n**3 + 6*n**2 + n - 3. Let a be o(6). Suppose -6 = -g - a. Let h be g*(3 - 140/(-12)). What is the greatest common divisor of h and 11?
11
Let j = -61 + 107. Suppose 86 = 10*l + j. What is the highest common divisor of 72 and l?
4
Suppose -2*q - 208*h + 206*h = -80, -3*q + 126 = 5*h. Calculate the greatest common factor of q and 4847.
37
Let y be ((-32256)/(-640))/(0 - 1/(-5)). Suppose u = 4*m - 4*u - y, -2*m + 126 = 5*u. What is the greatest common divisor of 84 and m?
21
Suppose 9*h - 12*h = -2*i + 664, -h = -5*i + 1686. Calculate the greatest common factor of 832 and i.
26
Let z be 8/(-28) - (-144)/14. Let o be 9/2*z/15. Suppose l = -l + 4. Calculate the highest common factor of l and o.
1
Let w(x) = -21*x**3 + 11*x**3 + 19*x**3 - 1 + x - 16*x**2. Let d be w(2). Calculate the highest common divisor of d and 549.
9
Let b(l) = 2*l**2 + 8*l + 13. Suppose 26 = -12*s - s. Let o be b(s). Suppose 97 - 7 = o*n. What is the highest common factor of 9 and n?
9
Suppose -5*c = 4*j - 0*j - 1, 0 = 2*c - j - 3. Let y be (-2)/(c*10/(-45)). Let d be (-2)/3*-18*y. Calculate the greatest common divisor of d and 12.
12
Suppose -3 = 5*n - 23, -4*g + 5*n + 28 = 0. Suppose 0 = 3*t + 3*i, 0 = 4*i + 17 - 9. Let l = g + t. Calculate the highest common factor of l and 154.
14
Suppose 0 = -3*o + l + 62 + 76, 5*l + 105 = 2*o. What is the greatest common factor of o and 735?
15
Let a(y) = 1145*y - 8737. Let l be a(17). Calculate the highest common factor of l and 144.
72
Let u(a) = 49*a - 15 - 29*a - 8 - 39*a. Let z be u(-7). Calculate the greatest common factor of 20 and z.
10
Let t(g) = g**2 + 317*g - 1907. Let p be t(6). Let w(a) = a - 4. Let j be w(5). Calculate the highest common divisor of p and j.
1
Suppose m + 4*i - 3 = 5*i, 8 = 4*i. Suppose -m*q = -6*q + 27. What is the greatest common divisor of q and 36?
9
Let t = 4453 + -6277. Let h = t - -3152. Calculate the highest common divisor of h and 83.
83
Let a(u) = u**2 + 25*u + 74. Let f be a(-22). Let k = 11 - -9. What is the greatest common divisor of f and k?
4
Let c be 20/15*15/(-2). Let s be 1*6 - (c + 14). Suppose -g + 20 = s. Calculate the highest common factor of g and 9.
9
Let h(a) = -10*a**3 + 16*a**2 + 6*a + 10. Let y(n) = 2*n**3 - n. Let k(x) = h(x) + 4*y(x). Let p be k(8). What is the greatest common divisor of p and 182?
26
Let b(q) = -q**2 + 17*q - 3. Suppose 0 = -r - 2 + 10. Let x be b(r). Let k be 2/(-3)*(-9 + 459/(-18)). Calculate the highest common divisor of k and x.
23
Let r(p) = -p**2 + 4*p - 9. Let q be r(6). Let w(s) = 14*s + 324. Let v be w(q). Calculate the greatest common factor of 270 and v.
30
Suppose -v = -3*v + 2*w + 372, -10 = -2*w. Let p = -143 + v. Calculate the greatest common divisor of 48 and p.
48
Suppose 4*r = 2*n - 3*n + 4104, -6*n + 15*n = 0. Calculate the highest common divisor of r and 351.
27
Suppose 0 = 3*l + 4*w - 10, -w + 6 + 4 = 2*l. Suppose 0 = l*d - 46 - 458. Calculate the greatest common factor of 72 and d.
12
Let r(b) = 101*b**2 - 12*b - 28. Suppose 115 = -8*s + 91. Let v be r(s). What is the greatest common divisor of 7 and v?
7
Let x(h) = -h**3 + 8*h**2 - 4*h - 28. Let d be x(7). Let o(u) = -48*u - 50. Let w be o(d). Calculate the greatest common factor of 13 and w.
13
Let m(j) = 19*j - 35. Let c be m(3). Let u = -36 - -38. Suppose -112 = -5*v - 2*w, 0*v + 5*w + 39 = u*v. Calculate the greatest common factor of c and v.
22
Let m be (9 + 0)/((-9)/(-168)). Let o be ((-11)/3)/((-13)/(-390)). Let k = o - -131. What is the highest common factor of k and m?
21
Let z(x) = -x**3 + 17*x**2 - 35*x + 91. Let r be z(15). Let j = 240 - 168. Calculate the highest common divisor of r and j.
8
Suppose 11*u + 78 = 342. What is the highest common divisor of u and 24?
24
Suppose 2*i - 26 = -m - 4*m, 3*i - 2*m - 20 = 0. Let q = 26 - i. Let d be (-7)/((-35)/155) - 4. Calculate the greatest common divisor of q and d.
9
Suppose 0 = -s + 4*p + 23, -2 = -p - 6. Let q be 1/s*359 + 4/(-14). What is the highest common factor of 17 and q?
17
Let n(t) be the third derivative of 27*t**2 + 0*t + 0 + 2*t**3 + 1/6*t**4. Let o be n(8). Calculate the greatest common divisor of 11 and o.
11
Suppose 49*p - 10*p = 624. Let j(l) = -l + 7. Let t be j(5). Calculate the highest common factor of p and t.
2
Let n be (-3)/9*(-3744)/13. What is the greatest common factor of n and 36?
12
Let k = -87 + 109. Let t(j) = 2*j**2 + 3*j - 242. Let q be t(-18). What is the highest common divisor of k and q?
22
Let t = 51 + -46. Suppose 0*l = l - t*q - 143, -590 = -4*l + 2*q. Suppose h - 53 = 3*p, -3*h - p - 9 + l = 0. Calculate the greatest common factor of h and 376.
47
Suppose -9*p + 734 = -8*p - 4*l, 0 = -p + 5*l + 727. What is the greatest common divisor of p and 2?
2
Suppose 3*n = -105 + 300. Let z = -23190 + 23294. What is the highest common divisor of n and z?
13
Suppose -2*g + 22*a + 582 = 19*a, 5*a - 911 = -3*g. What is the highest common factor 